
6
Let g(r) = 3*r**3 + 2*r**2 - 2*r - 8. Give g(-3).
-65
Let w(c) = c**2 - 625*c + 1868. What is w(3)?
2
Let c(a) = a**3 + 15*a**2 + 42*a - 12. Determine c(-11).
10
Let p(m) = -2*m**3 - 13*m**2 - 6*m - 90. Give p(-7).
1
Let u(k) = -98*k + 2073. Give u(21).
15
Let s(c) = c**3 + 9*c**2 - 73*c - 557. Determine s(-6).
-11
Let m(k) = -245*k - 866. What is m(-4)?
114
Let a(h) = 2422*h + 24221. Give a(-10).
1
Let p(m) = -m**3 + 34*m**2 + 6*m - 2260. Determine p(32).
-20
Let w(a) = 58*a + 474. Determine w(-7).
68
Let r(w) = -174*w + 4846. What is r(28)?
-26
Let n(r) = 1161*r + 2364. Determine n(-2).
42
Let f(o) = o**2 + 135*o - 1153. What is f(8)?
-9
Let j(u) = 3*u**3 + 141*u**2 + 5*u + 193. Calculate j(-47).
-42
Let x(w) = w**3 + 26*w**2 - 71*w - 485. What is x(-28)?
-65
Let d(l) = -31*l**3 - 8*l**2 + 23*l - 41. Give d(2).
-275
Let m(g) = 876*g + 2622. Give m(-3).
-6
Let g(h) = -h**3 + 24*h**2 + 52*h - 73. Calculate g(26).
-73
Let s(r) = 2*r**3 - 49*r**2 - 44*r + 2613. What is s(23)?
14
Let p(h) = 7*h**2 - 77*h - 381. Give p(-6).
333
Let q(x) = 3*x**2 + 45*x + 147. Calculate q(-10).
-3
Let y(f) = 16*f - 331. Determine y(18).
-43
Let w(u) = u**3 - 11*u**2 + 14*u - 50. Determine w(8).
-130
Let p(u) = 2*u**3 - 12*u**2 + 34*u - 123. What is p(5)?
-3
Let d(g) = -248*g + 1138. Determine d(5).
-102
Let p(h) = 5*h**3 + h**2 + 5*h + 14. Calculate p(-3).
-127
Let v(d) = d**3 + 7*d**2 - 1. Calculate v(-9).
-163
Let r(s) = 3179*s + 28668. Calculate r(-9).
57
Let u(b) = 117*b + 1286. What is u(-11)?
-1
Let d(v) = v**2 - 2*v + 78. Give d(0).
78
Let f(b) = -b**2 + 47*b + 342. Determine f(-6).
24
Let s(r) = 138*r - 839. Give s(6).
-11
Let z(k) = k**3 - 21*k**2 - 70*k - 44. Give z(24).
4
Let z(y) = 5*y**2 + 54*y - 122. What is z(2)?
6
Let a(l) = 12*l**2 - 56*l - 31. Calculate a(-1).
37
Let l(z) = 1624*z - 1621. Give l(1).
3
Let r(o) = o**2 - 30*o - 189. Calculate r(35).
-14
Let b(a) = -a**2 - 35*a + 109. Give b(3).
-5
Let d(i) = -8*i**2 + 986*i + 1978. Determine d(-2).
-26
Let d(p) = p**3 + p**2 - 553*p + 52. Give d(23).
29
Let i(o) = 70*o - 101. Give i(3).
109
Let d(x) = 73*x - 1480. Calculate d(20).
-20
Let t(p) = -75*p**2 + 378*p + 12. Determine t(5).
27
Let y(h) = -h**2 + 24*h - 44. Calculate y(19).
51
Let s(c) = -10*c**2 - 72*c + 279. Determine s(-10).
-1
Let v(w) = -w**2 + 12*w - 47. Determine v(10).
-27
Let c(j) = j**2 - 110*j - 8427. Calculate c(-52).
-3
Let u(z) = z**3 - 39*z**2 - 104*z + 2567. Calculate u(40).
7
Let y(g) = -11*g**2 - 42*g - 87. Determine y(-2).
-47
Let j(i) = 70*i + 421. What is j(-6)?
1
Let w(z) = -5*z**2 - 104*z + 71. Give w(-21).
50
Let l(w) = 8*w**2 + 128*w + 11. Give l(-16).
11
Let u(f) = 2*f + 789. Give u(0).
789
Let c(s) = -70*s - 124. Calculate c(-3).
86
Let q(l) = -l**3 - 42*l**2 - 72*l + 230. Give q(-40).
-90
Let m(z) = z**3 - 4*z**2 + 14*z - 75. Calculate m(5).
20
Let b(f) = -276*f - 4933. Determine b(-18).
35
Let g(y) = -593*y + 16008. What is g(27)?
-3
Let r(n) = 31*n**3 + 2*n**2 - 349*n - 351. Calculate r(-1).
-31
Let t(q) = -8722*q + 26174. Calculate t(3).
8
Let t(x) = -73*x**2 - 5*x - 3. What is t(-1)?
-71
Let y(m) = 3*m**2 + 229*m - 146. Calculate y(-77).
8
Let h(n) = 780*n - 7801. Give h(10).
-1
Let n(u) = -3*u**3 + 207*u**2 + 4*u - 178. Give n(69).
98
Let a(n) = n**3 - 110*n**2 - 581*n + 681. Calculate a(115).
-9
Let u(d) = -d**2 + 34*d + 111. Calculate u(32).
175
Let q(f) = 24*f + 695. Determine q(-28).
23
Let i(l) = 1192*l + 20255. What is i(-17)?
-9
Let g(o) = -o**3 - 246*o**2 - 724*o + 1242. Give g(-243).
27
Let j(l) = -l**3 - 7*l**2 - 27*l - 53. Give j(-4).
7
Let b(x) = -x**3 - 14*x**2 - 43*x - 3. Give b(-10).
27
Let t(s) = 21271*s + 106359. Calculate t(-5).
4
Let w(y) = -y**3 - 8*y**2 + 19*y - 21. Determine w(-10).
-11
Let l(j) = -j**3 - 50*j**2 + 11*j + 2929. Calculate l(-49).
-11
Let p(i) = 2*i**2 + 178*i + 21. Calculate p(0).
21
Let i(p) = 59*p + 2894. Calculate i(-49).
3
Let d(l) = 157*l + 633. Give d(-5).
-152
Let z(a) = -21*a - 465. Determine z(-14).
-171
Let t(g) = 6*g**3 + 157*g**2 + 24*g - 68. Determine t(-26).
-16
Let g(p) = -10*p**3 + 4*p + 12. Determine g(-2).
84
Let f(g) = 33*g - 3. Determine f(6).
195
Let t(j) = 1547*j - 12380. Calculate t(8).
-4
Let z(n) = -14813*n - 103688. Calculate z(-7).
3
Let z(q) = -4*q**3 + 302*q**2 + 461*q + 184. What is z(77)?
107
Let z(s) = -2*s**3 + 27*s**2 - 15*s + 63. Determine z(13).
37
Let t(g) = g**2 + 18*g - 6. Determine t(-18).
-6
Let b(z) = z**3 - 13*z**2 + 9*z + 3. Give b(12).
-33
Let o(x) = 93*x + 4930. Give o(-53).
1
Let x(t) = -t**3 - 6*t**2 - t + 17. What is x(0)?
17
Let j(p) = p**2 - 97*p - 862. What is j(-8)?
-22
Let l(h) = 3*h**3 + 42*h**2 - 611*h - 8449. Give l(-13).
1
Let y(c) = -c**3 + 35*c**2 + 39*c - 147. What is y(36)?
-39
Let s(d) = -1643*d - 4920. Give s(-3).
9
Let y(r) = -549*r - 7697. What is y(-14)?
-11
Let z(v) = -v**3 - 112*v**2 + 31*v + 3474. What is z(-112)?
2
Let y(w) = 5*w**3 - 38*w**2 + 31*w - 58. Determine y(7).
12
Let v(s) = s**3 + 54*s**2 - 117*s - 349. Calculate v(-56).
-69
Let n(j) = -j**3 + 39*j**2 + 321*j + 20. Calculate n(46).
-26
Let x(f) = -3*f**3 + 36*f**2 - 12*f - 8. What is x(12)?
-152
Let b(d) = -2*d**3 + 12*d**2 + 19*d + 17. Give b(7).
52
Let t(y) = 12*y + 251. Calculate t(-20).
11
Let w(b) = b**2 + 10*b - 60. Calculate w(-14).
-4
Let o(a) = -a**3 - a**2 + 9*a - 15. Determine o(5).
-120
Let b(z) = 40*z + 689. What is b(-15)?
89
Let z(k) = -3*k - 238. What is z(-60)?
-58
Let i(h) = -2091*h - 2093. Calculate i(-1).
-2
Let x(g) = -14*g**2 - 54*g + 15. What is x(-4)?
7
Let f(h) = -4*h**3 - 61*h**2 - 46*h - 483. Calculate f(-15).
-18
Let k(o) = o**2 + 147*o + 2277. Calculate k(-18).
-45
Let u(b) = -5*b**2 + 92*b - 689. Calculate u(8).
-273
Let a(x) = -145*x - 2440. Give a(-17).
25
Let g(t) = 585*t + 8. Determine g(1).
593
Let u(c) = -102*c + 28. What is u(2)?
-176
Let b(z) = z**2 + 79*z + 1340. Calculate b(-26).
-38
Let h(w) = 3*w**2 - 137*w - 2076. Give h(-12).
0
Let f(w) = 4*w**2 - 27*w - 17. Calculate f(6).
-35
Let x(b) = -b**3 - 12*b**2 - 32*b + 27. Give x(-5).
12
Let k(c) = c**3 - 25*c**2 + 109*c + 20. What is k(20)?
200
Let k(m) = 948*m - 24656. What is k(26)?
-8
Let f(p) = 23*p - 1. Give f(-4).
-93
Let b(s) = 2*s**3 + 12*s**2 + 13*s + 195. What is b(-7)?
6
Let w(y) = -738*y - 753. Determine w(-1).
-15
Let c(b) = -2*b**2 - 135*b - 75. Give c(-67).
-8
Let b(g) = -306*g + 1830. Determine b(6).
-6
Let f(g) = 21*g**2 + 90*g + 677. Determine f(-7).
1076
Let f(k) = 2*k**2 - 28*k + 50. Determine f(15).
80
Let m(r) = -345*r + 2472. What is m(7)?
57
Let i(u) = -3*u**3 + 21*u**2 - 3063*u + 21442. What is i(7)?
1
Let u(p) = 19*p**2 + 1293*p + 52. What is u(-68)?
-16
Let p(j) = 20347*j - 162781. Determine p(8).
-5
Let y(t) = t**2 - 20*t + 85. What is y(5)?
10
Let v(b) = -16*b**3 - b**2 + 6*b. What is v(1)?
-11
Let z(f) = -f**3 - 31*f**2 + 52*f - 55. Give z(-33).
407
Let k(h) = h**3 + 18*h**2 - 8*h + 49. Calculate k(-21).
-1106
Let g(f) = -4*f**2 + 3*f + 38. Calculate g(-3).
-7
Let q(r) = 170*r - 8102. Give q(48).
58
Let h(l) = 12*l**2 - 43*l - 10. Give h(4).
10
Let y(u) = 2*u**3 - 10*u**2 + 9*u - 4. Give y(4).
0
Let n(d) = -d**3 - 68*d**2 + 355*d + 55. Calculate n(5).
5
Let g(b) = b**3 - 38*b**2 + 90*b + 540. Calculate g(35).
15
Let u(c) = -179*c + 3542. Give u(19).
141
Let s(z) = 1385*z + 9694. Give s(-7).
-1
Let w(u) = -2*u**2 + u + 152. Determine w(-7).
47
Let j(m) = 5*m**2 - 166*m - 288. Determine j(36).
216
Let i(t) = -7*t**3 - 20*t**2 - 16*t - 13. Give i(-2).
-5
Let s(o) = 2*o**3 - 2*o**2 + 45*o - 201. Give s(4).
75
Let q(h) = -2867*h + 4. Give q(0).
4
Let z(f) = 54*f - 100. Determine z(2).
8
Let d(i) = 15*i**2 + 1545*i + 35. Determine d(-103).
35
Let b(n) = 31*n**3 - 6*n**2 + 206*n - 204. Give b(1).
27
Let a(j) = 3*j**3 - j + 78. Determine a(0).
78
Let p(d) = -131*d + 27. Calculate p(1).
-104
Let o(p) = 4*p**3 - 3*p**2 - 13*p + 53. Calculate o(3).
95
Let i(l) = l**3 + 27*l**2 - 30*l - 1451. Give i(-25).
549
Let m(y) = 5*y**3 - 4*y**2 - 9*y + 9. Give m(2).
15
Let z(a) = -5*a + 291. Give z(84).
-129
Let v(g) = 222*g**2 + 641*g - 6. Calculate v(-3).
69
Let z(d) = d**2 - 160*d + 937. What is z(6)?
13
Let j(t) = -92*t**2 - 4335*t - 527. Determine j(-47).
-10
Let t(g) = -2*g**2 - 3*g - 11. What is t(-3)?
-20
Let l(f) = -f**3 + 19*